 h = n - 6 - 0. What is the units digit of n?
6
Let n = 219 - 156. What is the units digit of n?
3
Let m be -2 + 1/(-2)*(-2)/(-1). Let l(o) = o**2 - 4*o - 4. What is the units digit of l(m)?
7
Suppose 3*m + m - 5*t = -4, 0 = 4*m + 2*t + 4. Let y be m/(12/(-15))*8. What is the tens digit of (-192)/(-15) + 2/y?
1
Suppose 5 = 5*d - 0*d. Let l be 2 - 0/(2/d). What is the units digit of (-1)/l*-34 - 1?
6
Let s(b) = b - 1. Let c(m) = m**2 + 14*m - 2. Let z(w) = 2*c(w) - 14*s(w). What is the hundreds digit of z(7)?
2
Suppose 2*q - 493 = -2*b - b, b + 234 = q. Suppose 5*j + 0*c + 4*c = 345, -3*j + q = -4*c. What is the units digit of j?
3
What is the tens digit of -2*(6 - (-652)/(-8))?
5
Let d = 2596 - 1752. What is the hundreds digit of d?
8
Let a be (-6)/(48/10)*32. Let z = a - -120. What is the tens digit of z?
8
What is the hundreds digit of -22 + 19 + (0 - -1080)?
0
Suppose -y = -4*v - 548, -3*y = -4*y + 5*v + 553. What is the hundreds digit of y?
5
Let q = -633 + 1056. What is the hundreds digit of q?
4
Suppose 0 = 2*y + 4*n - 2, -2*n = 3*y + n - 15. Let l be (-3)/(y/(-66)) + -3. Let w = 33 + l. What is the tens digit of w?
5
Suppose 5*f + 18 = -2*n + 5, -4*n = -4. What is the units digit of 5*((f - -5) + 48)?
0
Suppose 2*f = 5*b - 46, 0 = 2*b - 4*b - 2*f + 24. Suppose 201 = b*s - 1259. What is the units digit of s?
6
Suppose 0 = 5*n - n - 12. Let r be (0 + n)*(-8)/(-12). Suppose 0 = -k - b + 24, 3*k - 5*b + r*b = 48. What is the tens digit of k?
2
Suppose 10*v + 0 = 30. Suppose -v*z = -174 - 192. What is the units digit of z?
2
Suppose -153*k + 168*k - 51525 = 0. What is the thousands digit of k?
3
Suppose -t = -z + 2*t + 2, -z + 42 = 5*t. Suppose z*n = 19*n - 316. What is the units digit of n?
8
Suppose -2*v + 126 = 2*f, 3*f - 55 = 2*f - 3*v. Suppose 5*o - 6*x + 3*x = f, 4*o + x - 40 = 0. Suppose 6*j = o*j - 185. What is the units digit of j?
7
Suppose -2*t = -3*s - 76 - 58, 5*t + 4*s - 358 = 0. Let l be t/10*17/1. Let k = -68 + l. What is the tens digit of k?
5
Let x be ((-618)/(-30))/(2/(-10)). Let v = -74 - x. What is the tens digit of v?
2
Let w(u) = 6*u + 1. Let y be w(2). Let z = y + -13. Suppose 3*j = 3*r - 0*r + 126, z = -5*j + 2*r + 198. What is the tens digit of j?
3
Suppose 2421 = 5*s + 4*d, 1203 + 739 = 4*s - 2*d. Let u = s - 190. What is the hundreds digit of u?
2
Let w(o) = o**3 - 6*o**2 - 6*o - 5. Suppose -h - 2*v + 7 = v, -3*v + 35 = 5*h. Let c be w(h). Suppose -18 = -c*m + m. What is the tens digit of m?
1
Let f(v) = -v**2 - 46*v - 132. What is the tens digit of f(-30)?
4
Let a be (5/(-20))/((-2)/8). Suppose 0 = o - a - 5. Let l = o - -10. What is the units digit of l?
6
Suppose -601 = -3*c + 521. What is the hundreds digit of c?
3
Let d be 3 + (4 + -2 - 1). Let n = d + -1. What is the units digit of n/4 - 2/(-8)?
1
Let u(x) = -x**3 + 14*x**2 + 16*x - 6. Let o be u(15). Suppose -o*m + 1246 = -77. What is the units digit of m?
7
Suppose 9612 = -20*u + 32*u. What is the units digit of u?
1
Let i(d) = -d**3 + 10*d**2 + 2*d + 7. Suppose -v + 26 = 4*r, -3*v = -8*v + r + 46. Let f be i(v). What is the units digit of (-1 + 4)*315/f?
5
Let l(h) = 9*h - 44. Let j(a) = -a. Let k(p) = -3*j(p) - l(p). Let t(c) = -2*c + 15. Let d(u) = -3*k(u) + 8*t(u). What is the tens digit of d(14)?
1
Suppose 6*i - 3*i - 9 = 0. Suppose -d = i*d - 284. What is the tens digit of d?
7
Let r(b) = 2*b**2 - 9*b - 11. What is the tens digit of r(9)?
7
Let x = -153 - -519. Suppose -g + 0*g + x = 0. What is the units digit of 1/(-7) - g/(-14)?
6
Suppose 7 = j + 3. Suppose -2*q = -q + j. What is the units digit of (-1208)/(-32) + 3/q?
7
Suppose -3*m + 2*m - 4*m = 0. What is the tens digit of (-1)/(-1) - 1 - (-186 - m)?
8
Suppose -12*w + 2860 = 10*w. What is the tens digit of w?
3
What is the tens digit of (-854369)/(-435) + 1/(-15)?
6
Let c(m) = -m - 6. Let i be c(-7). What is the tens digit of ((-4)/(-8))/(i/106)?
5
Let k = -123 + 248. Suppose 0 = -2*q + 7*q - k. Suppose q*p - 2 = 24*p. What is the units digit of p?
2
Let l(v) = -8*v + 14. Let j be l(-11). Suppose f - j = 3*c, -4*c + 5*c + 430 = 4*f. What is the tens digit of f?
0
Let k(c) = c**3 + 28*c**2 + 33*c + 9. What is the tens digit of k(-26)?
0
Let p be 6/33 + (-12910)/(-22). Suppose -83 = 4*r - p. Suppose -4*v + r = 5*i, 2*i - 56 = -4*v + 8*v. What is the tens digit of i?
2
Suppose 3*r = 2 - 5. Let f be r/(2*1/(-6)). Suppose 3*l - 3*g - 84 = 0, 0*l + 36 = l - f*g. What is the units digit of l?
4
Let q be (-1254)/(-10) - (-10)/(-25). Suppose 55 = 2*j - q. What is the units digit of j?
0
Let p(o) = o**2 - 7*o + 8. Let a be p(6). Let y be 2/(2*a/(-2)). What is the units digit of (-29)/y + (-18)/(-6)?
2
Let g be (486/5)/(-1 + (-54)/(-45)). Suppose 5*u = 2*o - g, 1343 - 147 = 5*o - 3*u. What is the hundreds digit of o?
2
Let s be ((-62)/(-6))/((-10)/(-30)). Suppose -2*v - 61 = -5*r, 4*r + v + s - 85 = 0. What is the tens digit of r?
1
Suppose -4*f + 484 = -1904. What is the tens digit of f?
9
Let q(f) = 16*f - 28*f - 1 + 0. What is the tens digit of q(-4)?
4
What is the tens digit of (240675/27)/5 - (-48)/216?
8
Let m(l) = -l**2 + 17*l - 21. Let o be m(16). Let h(s) = 2*s**2 - 5*s + 3. What is the units digit of h(o)?
8
Let m(k) = 2*k - 50. Let i be m(26). Suppose 0 = 4*q + q + 2*u - 644, 0 = -i*q - 5*u + 245. What is the hundreds digit of q?
1
Suppose 3*k = 3*u - 1314, -5*u + 1025 = -2*k - 1171. Suppose h + 3*i = -3*h + u, -3*i + 110 = h. What is the tens digit of h?
1
What is the tens digit of 68/(-306) + (-220)/(-18)?
1
Let v = 2 + 5. Suppose -v*z - 12 = -5*z. What is the units digit of 2/z + 16/3?
5
What is the hundreds digit of (-11)/((-77)/49) - -528?
5
Let h(s) = -107*s**2 - 2*s + 1 + 108*s**2 - s. What is the tens digit of h(10)?
7
Let i = 10 + -19. What is the tens digit of i/6*(-488)/12?
6
Let j(b) = -b**3 - 23*b**2 - 23*b - 25. Let y be j(-22). Let h(r) = 12*r**2 - 4*r - 15. What is the tens digit of h(y)?
0
Let q(t) = -t**3 + 9*t**2 - 5*t + 20. Let c be q(8). Suppose -2*f - 3*f = 135. Let a = c + f. What is the units digit of a?
7
Suppose 1500 + 2856 = 2*g. What is the hundreds digit of g?
1
What is the hundreds digit of (-25361)/(-49) + (-9)/(-21)?
5
Let b(d) = -d**3 + 5*d**2 - 4*d - 4. Let w be b(4). Suppose 7*j + 256 = 557. What is the tens digit of j + (-2 - (0 + w))?
4
Let p = -59 - -61. What is the units digit of (-1)/(78/(-38) + p)?
9
Suppose 0 = -0*y + 2*y + 3*b - 76, -4*y - 4*b + 148 = 0. Let w = y - -241. What is the tens digit of w?
7
Let f be (-4 + -1 + 4)/(4/88). Let o = -51 + 6. Let c = f - o. What is the units digit of c?
3
Suppose 120*l = 125*l - 1050. What is the units digit of l?
0
Suppose 0 = -2*d + 30 + 250. What is the tens digit of d?
4
Let k(n) = -2*n**3 - n + 85. What is the units digit of k(0)?
5
Suppose -3*w - 358 = -5*b, -3*w - 4*b = 458 - 64. What is the units digit of (2/(-9) + (-5536)/w)*7?
6
Suppose 4*x + 1384 = -33*w + 35*w, 5*w = x + 3433. What is the tens digit of w?
8
Let l(s) = -s**2 + 11*s + 9. Let m be l(10). Suppose m*a - 34 = 18*a. What is the tens digit of a?
3
Let p = 19 + -16. Suppose -2058 = -2*r - 3*n, -p*n = 4*r + 587 - 4715. What is the units digit of (-1)/(-4) + r/36?
9
Let u(o) = 72*o**3 - o**2 - 4*o - 3. Let z be u(-1). Let w = z - -126. What is the tens digit of w?
5
Let b(m) = -3*m - 5. Let j be b(-4). What is the units digit of (j/21)/((-1)/(-132))?
4
Suppose 0*d + 39104 = -5*d + r, 5*d + 39084 = -4*r. Let x be d/(-153) + 1/(-9). Let a = x + 14. What is the units digit of a?
5
Let h = 191 - 187. Let b be (2/(-5))/(2/(-50)). Suppose -h*o + 20 = 2*w - 38, b = 2*o. What is the units digit of w?
9
Suppose -3*x = 3*t - 1896, -4*x = t - 245 - 393. What is the units digit of t?
0
Let v = -335 - -775. What is the tens digit of v?
4
Let n = -2 + 2. Suppose h - 4*z - 18 = n, -z - z = -3*h + 84. What is the units digit of h?
0
Suppose 3*x - 1273 = -n, -x + n + 324 = -99. What is the tens digit of x?
2
Let a(m) be the second derivative of m**3/3 + 6*m**2 + 8*m. Let o be a(-6). Suppose b + 2*b - 57 = o. What is the tens digit of b?
1
Let n = 18 + -7. Suppose 20 = 5*q + 4*f - n, f - 4 = 0. Let k = 20 - q. What is the units digit of k?
7
Let i = -11 + 44. Suppose -3*o + 45 = -6*o. Let p = o + i. What is the units digit of p?
8
Let u = -55 + 58. What is t